et p(s) = s**3 - 2018*s**2 + 6051*s - 28. Calculate p(3).
-10
Let y(l) = l**2 - 3414*l - 13667. Determine y(-4).
5
Let c(j) = -j**3 + 22*j**2 - 80*j + 141. What is c(18)?
-3
Let y(b) = 10*b**2 + 160*b - 102. Give y(-17).
68
Let c(o) = 26*o**2 - 127*o + 76. Give c(4).
-16
Let t(z) = 176*z - 1303. What is t(8)?
105
Let k(r) = r**3 + 5*r**2 - 6*r + 50. What is k(-7)?
-6
Let k(a) = 1288*a - 11573. Determine k(9).
19
Let r(a) = 5*a**3 + 47*a**2 + 13*a - 49. Give r(-9).
-4
Let l(v) = v**2 - 36*v - 226. Determine l(42).
26
Let k(o) = o**3 - 30*o**2 - 12*o - 583. Calculate k(31).
6
Let f(j) = 13*j - 189. Calculate f(17).
32
Let d(f) = 11*f - 149. What is d(11)?
-28
Let f(k) = -2*k**3 + 123*k**2 - 566*k - 13. Calculate f(5).
-18
Let d(g) = g**3 - 119*g**2 + 2*g - 51. What is d(119)?
187
Let b(u) = -3*u**3 + 3*u**2 - 22*u - 9. Give b(-6).
879
Let m(n) = n**2 - 63*n + 501. What is m(10)?
-29
Let v(j) = -j**3 + 19*j**2 - 38*j - 181. What is v(16)?
-21
Let q(f) = -2*f**3 + 2*f**2 - 80*f + 261. Calculate q(3).
-15
Let t(f) = -f**3 + 66*f**2 - 133*f + 325. What is t(64)?
5
Let v(n) = 59*n - 284. Determine v(3).
-107
Let d(w) = 4*w**2 - 157*w - 757. Determine d(-5).
128
Let t(f) = 1864*f + 22397. Determine t(-12).
29
Let j(o) = 1231*o - 3122. What is j(3)?
571
Let a(x) = x**3 + 155*x**2 - 323*x - 1427. What is a(-157)?
-14
Let v(x) = x**2 - 176*x - 2063. Calculate v(-11).
-6
Let w(h) = 1127*h - 25. What is w(0)?
-25
Let j(h) = h**3 - 4*h**2 - 3*h + 25. What is j(3)?
7
Let f(b) = b**3 - 6*b**2 + 7*b + 21. Calculate f(6).
63
Let c(b) = 2058*b + 14405. Give c(-7).
-1
Let f(d) = d**2 + 15*d - 547. Calculate f(16).
-51
Let j(h) = 4*h**2 + 493*h - 14142. Determine j(24).
-6
Let q(p) = -55*p - 1327. What is q(-25)?
48
Let j(q) = -16*q + 254. Give j(16).
-2
Let w(n) = 297*n**2 - 589*n - 13. Determine w(2).
-3
Let d(v) = -v**3 - 96*v**2 + 1176*v - 130. Give d(-107).
-23
Let k(i) = -307*i + 1810. Calculate k(6).
-32
Let o(v) = -v**2 - 8*v + 55. Calculate o(11).
-154
Let t(h) = -h**2 + 6*h + 156. Determine t(-13).
-91
Let m(y) = 6*y**2 - 598*y + 5373. What is m(10)?
-7
Let v(y) = -38*y**2 + 41*y. Determine v(1).
3
Let a(m) = 4*m**2 - 144*m + 801. Determine a(29).
-11
Let n(v) = -v**2 - 1079*v. What is n(0)?
0
Let q(r) = -65*r - 4526. Determine q(-69).
-41
Let b(j) = 3*j**3 + 14*j**2 - 10*j - 19. Calculate b(-5).
6
Let z(g) = g**3 - 11*g**2 - 77*g - 40. Determine z(15).
-295
Let t(o) = -11*o**3 + 79*o**2 - 11*o - 21. Calculate t(7).
0
Let h(m) = 7*m**2 + 43*m - 43. Calculate h(1).
7
Let s(m) = m**3 + 97*m**2 + 261*m - 1941. Determine s(-94).
33
Let b(w) = 31*w - 316. Give b(0).
-316
Let k(y) = y**3 + 28*y**2 + 12*y + 289. What is k(-28)?
-47
Let t(l) = 2*l**3 + 62*l**2 + 13*l - 1201. Determine t(-30).
209
Let f(w) = 13*w - 961. Give f(73).
-12
Let p(o) = -o**3 - 157*o**2 + 983*o - 43. Give p(6).
-13
Let x(g) = 1490*g + 10450. Calculate x(-7).
20
Let o(w) = 2*w**3 + w**2 + 5*w + 6. What is o(-3)?
-54
Let z(f) = 3*f - 76. Give z(28).
8
Let v(z) = z**2 - 57*z - 334. What is v(-6)?
44
Let r(b) = 59*b + 349. Calculate r(-8).
-123
Let j(i) = 18*i - 348. Give j(17).
-42
Let q(i) = 2*i**3 + 6*i**2 - 6*i - 1. What is q(1)?
1
Let q(a) = a**2 + 29*a - 921. What is q(-47)?
-75
Let d(v) = -2*v**2 + 5*v + 72. Give d(-8).
-96
Let i(b) = -b**2 + 50*b + 33. Calculate i(51).
-18
Let p(x) = 3*x**3 + 4*x**2 + 27*x + 50. Give p(-2).
-12
Let i(a) = 2*a**2 - 23*a - 123. Calculate i(20).
217
Let k(t) = -44*t + 39. Determine k(-7).
347
Let h(p) = -9*p**2 + 165*p + 112. What is h(19)?
-2
Let w(s) = s**3 + 8*s**2 + 13*s - 3. Give w(-4).
9
Let x(n) = -n**2 + 57*n - 678. Calculate x(16).
-22
Let q(k) = 374*k - 17648. Calculate q(47).
-70
Let v(k) = -k**3 + 18*k**2 + 22*k + 14. What is v(19)?
71
Let r(i) = i**2 + 24*i - 754. Calculate r(-42).
2
Let s(o) = -2*o + 79. Determine s(21).
37
Let a(g) = g**2 - 5*g - 15. Calculate a(11).
51
Let d(r) = r**3 - 3*r**2 - 12*r - 15. What is d(5)?
-25
Let m(o) = -258*o + 32509. What is m(126)?
1
Let t(c) = 2190*c - 13132. What is t(6)?
8
Let d(j) = 2*j**2 - 4*j - 317. What is d(-11)?
-31
Let v(j) = -j**2 - 33*j + 9. Calculate v(-34).
-25
Let p(r) = -r**3 + 4*r**2 + 36*r + 17. What is p(-4)?
1
Let s(t) = 127*t - 1779. What is s(14)?
-1
Let w(z) = 189*z + 1886. What is w(-10)?
-4
Let v(r) = 2*r**2 - 14*r + 89. Give v(10).
149
Let n(b) = -3*b**3 - 48*b**2 - 23*b - 6. What is n(-15)?
-336
Let g(o) = o**3 - 359*o**2 + 4824*o + 2076. Determine g(345).
6
Let i(o) = -71*o - 735. Give i(-6).
-309
Let s(n) = 7*n**2 + 93*n - 56. Give s(-16).
248
Let g(h) = h**3 - 4*h**2 - 319*h + 14. Calculate g(-16).
-2
Let s(r) = -214*r**2 + 8130*r + 79. What is s(38)?
3
Let m(d) = -25*d**3 + d**2 + 8*d + 15. What is m(-2)?
203
Let o(f) = -53*f + 2352. Determine o(45).
-33
Let x(k) = 5*k**2 + 52*k + 57. What is x(-10)?
37
Let l(j) = 47*j + 204. What is l(-4)?
16
Let w(t) = t**2 - 20*t + 65. Calculate w(22).
109
Let a(o) = -9*o**3 + 37*o**2 - 46*o + 144. What is a(4)?
-24
Let h(x) = 2*x**2 - 10*x - 205. Determine h(-8).
3
Let c(w) = w**3 + 45*w**2 + 203*w + 117. Calculate c(-40).
-3
Let v(m) = 2*m**2 + 71*m + 590. What is v(-23)?
15
Let n(o) = -o**3 + 10*o**2 + 3*o - 17. Calculate n(8).
135
Let p(k) = 336*k**2 - 2683*k - 13. Calculate p(8).
27
Let c(d) = -3*d - 11. Calculate c(-6).
7
Let t(p) = -p**3 - 8*p**2 + 31*p - 22. Give t(-11).
0
Let y(d) = -1755*d - 7023. What is y(-4)?
-3
Let w(n) = 5684*n + 79570. Determine w(-14).
-6
Let n(h) = -783*h + 2360. Determine n(3).
11
Let c(l) = l**3 - 13*l**2 - 283*l + 455. Calculate c(24).
-1
Let a(y) = -17*y - 101. Calculate a(-6).
1
Let y(z) = 24*z**2 + 275*z - 153. What is y(-12)?
3
Let x(l) = 5*l**2 - 178*l + 1518. Give x(21).
-15
Let i(c) = -c**3 - 15*c**2 + 24*c + 289. Give i(-16).
161
Let z(p) = -2*p**3 - 18*p**2 + 6*p + 4. Calculate z(-6).
-248
Let f(m) = 3*m**3 - 144*m**2 + m - 48. Give f(48).
0
Let j(l) = 9*l**3 - 2*l**2 + 3*l - 17. What is j(3)?
217
Let n(o) = o**3 - 11*o**2 - 12*o + 14. Determine n(11).
-118
Let y(l) = -328*l - 83634. Give y(-255).
6
Let d(f) = 17*f**3 - f**2 - 4*f - 3. What is d(-1)?
-17
Let v(o) = -8*o**2 - 27*o + 27. What is v(-9)?
-378
Let s(f) = -f**2 - 34*f - 187. Give s(-14).
93
Let x(v) = -v**2 + 202*v - 9042. What is x(135)?
3
Let i(l) = -87*l + 1224. What is i(12)?
180
Let u(c) = c**2 + 14*c - 41. Calculate u(7).
106
Let q(m) = 18*m - 471. Determine q(39).
231
Let p(j) = -50*j**2 + 16*j + 16. Determine p(-1).
-50
Let o(k) = k**2 + 2236*k + 20046. Calculate o(-9).
3
Let p(m) = m**3 - 44*m**2 - 121*m + 1340. What is p(46)?
6
Let v(f) = 36*f**2 + 193*f + 66. Determine v(-5).
1
Let w(v) = -2*v**3 + 7*v**2 - 8*v - 1. Give w(3).
-16
Let t(p) = 11*p**3 + 2*p**2 - 4*p + 16. Calculate t(3).
319
Let b(j) = 60*j + 28. Give b(3).
208
Let j(h) = -h**3 + 11*h**2 + 56*h - 3. What is j(-5)?
117
Let y(i) = 3*i**2 + 8*i - 4635. Determine y(38).
1
Let p(b) = 32*b + 445. Determine p(-13).
29
Let y(n) = 124*n + 2483. What is y(-20)?
3
Let o(c) = -21*c - 260. What is o(-13)?
13
Let v(i) = -2*i**3 + 54*i**2 - 259*i + 139. Give v(21).
-8
Let l(g) = -14*g**2 + 40*g - 5. Calculate l(2).
19
Let h(k) = k**3 - 12*k**2 + 18*k + 28. Give h(10).
8
Let k(x) = 2*x - 753. Give k(-9).
-771
Let d(o) = 2*o**3 + 13*o**2 + 11*o + 36. What is d(-4)?
72
Let r(l) = 794*l - 5557. What is r(7)?
1
Let u(x) = 6*x**2 - 40*x + 24. Give u(1).
-10
Let l(d) = -d**3 + 12*d**2 + 6*d + 48. What is l(13)?
-43
Let d(x) = 3*x**2 + x + 26. What is d(-8)?
210
Let t(g) = -2*g**3 + 83*g**2 + 118*g + 157. Determine t(43).
-316
Let t(f) = -2790*f + 16780. Give t(6).
40
Let z(u) = -u**2 + 91*u - 1764. Give z(29).
34
Let c(o) = -2*o**3 - 11*o**2 + 15*o + 5. Calculate c(2).
-25
Let o(m) = m**2 - 21*m - 40. Determine o(23).
6
Let k(i) = -311*i - 88. What is k(-1)?
223
Let d(k) = k**2 - 2*k - 26. Give d(2).
-26
Let d(g) = -628*g + 4385. Determine d(7).
-11
Let p(z) = -46*z - 4909. Determine p(-109).
105
Let k(g) = -g**3 - 29*g**2 + 130*g - 46. What is k(-33)?
20
Let l(p) = -p**2 + 1454*p - 42713. Calculate l(30).
7
Let t(d) = -d**3 + 15*d**2 - 51*d + 36. What is t(4)?
8
Let g(o) = o**3 - 41*o**2 - 2*o + 79. What is g(41)?
-3
Let c(f) = -6*f**2 - 53*f + 416. Give c(5).
1
Let b(v) = v**3 - 136*v**2 + 381*v + 2389. What is b(133)?
-5
Let o(y) = 3*y**3 + 51*y**2 - 26*y + 324. Wha